6)/(-5). Let p = t + -1. What are the prime factors of p?
2, 7
Let w = -3 + 4. Let s(a) = -10 + 4*a + w - a**2 + 6*a. What are the prime factors of s(7)?
2, 3
Suppose 5*u = u + 108. What are the prime factors of u?
3
Suppose -2*r = 1 - 7. Let z be 0 + r/3*-8. Let j = 17 + z. What are the prime factors of j?
3
Suppose w + 1 = 5. Suppose w*d = 3*d + 10. What are the prime factors of d?
2, 5
Suppose 60 = z + z. List the prime factors of z.
2, 3, 5
What are the prime factors of (-315)/(-49) + -7 + (-67)/(-7)?
3
Let y = -17 - -60. Let f be 1 + -2 - 32/(-1). Let n = y - f. What are the prime factors of n?
2, 3
Let z(n) = n**2 + 60. What are the prime factors of z(0)?
2, 3, 5
Suppose -18 = -3*v + 60. Let r = -16 + v. List the prime factors of r.
2, 5
Let x(a) = a**2 - a. Let o be x(0). Suppose 2*v - 7*v + 3*c + 101 = o, -v + 25 = c. What are the prime factors of v?
2, 11
Suppose 4*h + 2*n = 124, 0*n = -4*h + n + 112. What are the prime factors of h?
29
Suppose 3*c + 4*j = -c + 4, 0 = 3*j + 6. Suppose 0 = c*o - 79 - 26. List the prime factors of o.
5, 7
Suppose -4*f + 3*d + 53 = 0, -2*f + 4*d + 38 = f. Let k = f + 20. List the prime factors of k.
2, 17
Let l(p) = 7*p**2 - p. Let s be l(-1). Suppose 5*c + s = -7, -2*f - 3*c = 13. What are the prime factors of f/11 + 46/11?
2
Suppose m + m = 18. Suppose -3 = l, -2*q - 5*l + 23 + 4 = 0. Suppose m + q = 3*c. What are the prime factors of c?
2, 5
Suppose 3*b - 18 = 4*p, p + 0*p + 3 = 0. Suppose 7 = b*x - 13. List the prime factors of x.
2, 5
Suppose -5*u - 15 = -2*u. Let y(r) = -r**2 - 8*r - 7. Let j be y(u). Suppose 0 = c - j + 2. List the prime factors of c.
2, 3
Suppose f = 4*i - 3*f - 12, 3*f = -4*i - 23. Let l be (i/(-4))/(2/80). Suppose 5*j + 1 = -4*v, -5*j = -5*v + 75 - l. What are the prime factors of v?
2, 3
Let p(i) = i**3 - 6. Let b be p(0). Let y(n) = n**2 + 5*n - 1. List the prime factors of y(b).
5
Let l(k) be the first derivative of -k**4/4 - k**3 + 7*k**2/2 + 6*k - 1. Let x be l(-4). What are the prime factors of (16/x)/((-2)/6)?
2
Suppose 0 = -s + 5, s + s = 4*k - 242. Suppose -4*j = -3*b - 123, k = j + j - b. List the prime factors of j.
3, 11
Let i be 4/(-10) + 99/(-15). Suppose 3*l = -l - 64. Let d = i - l. List the prime factors of d.
3
Let x(s) = s**2 - 3*s + 3. Let y be x(3). Suppose y*r - 27 = 2*r. List the prime factors of r.
3
Let u = 0 + 17. Let y = u - -3. Suppose 5*w = -0*w + y. What are the prime factors of w?
2
Let m(v) = -v + 0*v - 5*v**3 + 0*v**3 - 2*v**3. What are the prime factors of m(-1)?
2
Suppose 2*b - 10 = 5*w, -2*b - b - 4*w = 8. Suppose -88 = -b*f - 4*f. List the prime factors of f/4 + (-2)/(-4).
2, 3
Let m be -2 - -1 - -2 - -1. Suppose m*v = -v - 6. List the prime factors of v + 2 + (-2 - -6).
2
Let k(b) = -4*b + b - 1 + b. Let r be k(-1). Let s = 2 + r. What are the prime factors of s?
3
Suppose 2*j = 3*j - 47. List the prime factors of j.
47
What are the prime factors of -3*(-4)/(-18)*4152/(-16)?
173
Let c = 138 + -87. Suppose -3*j + c = 3*d, 2*j + 4*d = -j + 54. What are the prime factors of j?
2, 7
Let x = 0 - -3. Let c(z) = z**3 - z - 3*z + 5 + x*z**2 + 0*z. What are the prime factors of c(-4)?
5
Let g(j) = -j**2 + 11*j + 16. List the prime factors of g(11).
2
Suppose 6*n - 2*n - 664 = 0. List the prime factors of n.
2, 83
Suppose -3*v - 5*i + 35 = v, -3*v + 3 = -4*i. Let s = 6 + v. List the prime factors of s.
11
Let n = -15 + 3. Let c be (0 + 3)/(9/n). Let t = 0 - c. List the prime factors of t.
2
Suppose 4*h + l = 5 + 15, -2*h - 8 = 5*l. Let p(s) = 2*s + 8. Let f be p(h). Suppose 0 = -2*i + 4*i - f. What are the prime factors of i?
2, 5
Let k(b) = -9*b + 10. What are the prime factors of k(-5)?
5, 11
Let p(j) = 14*j - 5. Let r be p(-5). Let m be (1/(-3) + 0)*r. Suppose m = -o + 6*o + 2*k, 5*o - 25 = -5*k. What are the prime factors of o?
5
Suppose -w = -0*w - 24. List the prime factors of 0/(-1) + 2 + w.
2, 13
Suppose 0 = -2*y + 2*k + 32, 48 = 3*y + 2*k - 3*k. What are the prime factors of y?
2
Let t be -50*(7/(-5) + 1). Suppose 3*k - 4*z - 2 = -76, 4*z - t = 0. Let g = 30 + k. List the prime factors of g.
2, 3
Let s = 0 + 2. Suppose -3*j + 10 = -j, -2*q + s*j = 10. Suppose m - 22 = 4*y - q*y, -5*y = -m + 25. List the prime factors of m.
2, 5
Let l be -1*(-4 - (-1 - 0)). Suppose -4*r + 12 = r + 2*a, 4*a = l*r - 28. List the prime factors of r.
2
Suppose -87 + 17 = -o. What are the prime factors of o?
2, 5, 7
Suppose 257 - 72 = 5*w. List the prime factors of w.
37
Let h be (-16)/12*(-30)/4. Let g = h + -7. Suppose -3*b = -g*t - 21, t + 12 + 15 = 3*b. List the prime factors of b.
2, 5
List the prime factors of (-4*1)/(-5 + (-1071)/(-217)).
2, 31
What are the prime factors of (-1 - 2 - (1 + -1)) + 5?
2
What are the prime factors of (-290)/4*168/(-105)?
2, 29
Suppose -3*p - 69 - 15 = -3*t, -t + 32 = -5*p. What are the prime factors of t?
3
Suppose 0 = 4*q - q. Suppose 52 = -5*t - 4*y, 2*t = -y - q*y - 19. Let u = 13 + t. What are the prime factors of u?
5
Suppose 5*b = 3*b + 212. What are the prime factors of b?
2, 53
Let r be (-1)/2*(-435 - -5). Suppose 3*s - 35 = -r. List the prime factors of 4/3*s/(-8).
2, 5
Let g(p) = 3*p**2 + 2*p + 3*p - 3*p + 0*p**2. Let n be g(-4). Suppose -6*k + n = -k. List the prime factors of k.
2
Suppose 4*p = -p + 20. Let w(q) = -q**3 + 5*q**2 - 5*q + 4. Let g be w(p). Suppose -46 = -5*z + m, 3*m - 15 = -2*z - g*z. List the prime factors of z.
3
Let y be (-1 - 2) + 2*4. Suppose 36 = y*r - r. What are the prime factors of r?
3
What are the prime factors of ((-327)/15)/1*-5?
109
Suppose 3*x - 355 = -2*x. List the prime factors of x.
71
Let l = -9 - -3. Let o(d) = -d**3 - 5*d**2 + 7*d + 9. Let q be o(l). Suppose 2*s + 2*s + 2*g - 54 = 0, -q*s = -3*g - 36. What are the prime factors of s?
13
Suppose -3*s + 13 = -8. Let z be (-40)/180 - (-14)/(-18). What are the prime factors of z*(-1)/1 + s?
2
Let v = -13 - -8. Let k(y) = 5*y**2 + 13*y + 13. Let l(s) = -6*s**2 - 14*s - 14. Let o(x) = v*k(x) - 4*l(x). List the prime factors of o(-7).
5
List the prime factors of -5*24/(-4) - -4.
2, 17
Suppose 0 = -11*q + 9*q + 10. List the prime factors of q.
5
List the prime factors of (525/84)/((-2)/(-24)).
3, 5
Let k = 17 + -5. Suppose 4*w = -4*q + 48, -2*q + k = 4*w - 7*q. List the prime factors of w.
2
Suppose 0 = 2*p + 5*g - 711, 0 = 2*p + p + 4*g - 1070. What are the prime factors of p?
2, 179
Suppose -19*u = -2400 + 538. List the prime factors of u.
2, 7
Let h = -21 - -31. What are the prime factors of h?
2, 5
Let p = 1 + 71. Suppose t - 5*r - 4 = 3*t, 0 = -t - 4*r - 5. Suppose -w + p = 5*u - 22, t*u + w = 56. What are the prime factors of u?
19
Let v(k) = -3*k + 10. Let h(i) = 4*i - 10. Let u(r) = -r + 6. Let m be u(4). Let o(t) = m*h(t) + 3*v(t). What are the prime factors of o(6)?
2
List the prime factors of (18/(-36))/((-1)/106).
53
Suppose -7 = -2*h + 3. Suppose 4*c - h*c - 122 = -5*z, -4*z - 4*c + 112 = 0. List the prime factors of z.
5
Let y(i) = i**3 + 7*i**2 + 7*i + 2. Let u(o) = o**3 - 4*o**2 + 2*o - 2. Let j be u(3). What are the prime factors of y(j)?
17
Let i be 1*75/(0 + 1). Suppose -5*m + 0*m + i = 0. List the prime factors of m.
3, 5
Let h be 2/(-4) - 19/2. List the prime factors of -5*(42/h - -3).
2, 3
Let q = 10 + -7. Suppose -q*s = 3 - 60. List the prime factors of s.
19
Let x = -105 - -169. What are the prime factors of x?
2
Let x = 23 + -34. Let u = -3 - x. List the prime factors of (u/(-3))/(2/(-3)).
2
Let w(h) = h**3 + 5*h**2 - 5*h + 7. Let b be w(-6). Let i be -10*b/10*4. Let c(g) = g**2 + 3*g + 5. What are the prime factors of c(i)?
3
Suppose -5*b = -2*b - 6. Suppose -4*c = d - 26, 16 = b*c - 2*d + 4*d. Suppose c*f - 44 = 2*f. What are the prime factors of f?
11
Suppose -p = -4*p - 3*f + 6, 3*f = 0. Suppose 4*q - p*q = 10. List the prime factors of q.
5
Suppose 3 = q, 34 = s + 2*q + 2. List the prime factors of s.
2, 13
Let b be ((-3)/6)/((-1)/4). Suppose 3 = b*v + 4*g + 13, 0 = -5*v + 3*g + 40. What are the prime factors of v?
5
List the prime factors of 30/(-90)*(0 - 249).
83
Let q(k) = k**2 + 5*k + 3. Let f be ((-42)/(-9))/(4/(-6)). What are the prime factors of q(f)?
17
Suppose -5*h + 2 = -13. Suppose -i - 16 = -h*i. List the prime factors of i.
2
Suppose 5*f + 2*l + 0*l = -16, l + 18 = -5*f. Let x = 3 + f. Let 